3 (base 5) to base 4.
-20
What is -e (base 16) in base 7?
-20
Convert 1 (base 2) to base 12.
1
-8 (base 13) to base 3
-22
Convert 49 (base 12) to base 8.
71
What is -46 (base 10) in base 8?
-56
Convert 3 (base 10) to base 7.
3
Convert 1 (base 6) to base 4.
1
Convert -c8 (base 13) to base 10.
-164
Convert 7 (base 15) to base 4.
13
Convert 125 (base 6) to base 2.
110101
a (base 14) to base 9
11
-3 (base 4) to base 3
-10
Convert -3 (base 5) to base 8.
-3
1 (base 14) to base 7
1
-15 (base 16) to base 11
-1a
What is -4 (base 12) in base 3?
-11
Convert 355 (base 9) to base 15.
148
Convert -22 (base 15) to base 6.
-52
Convert -150 (base 6) to base 10.
-66
Convert -12000 (base 4) to base 5.
-3014
Convert 40 (base 5) to base 14.
16
22 (base 14) to base 16
1e
-14 (base 9) to base 8
-15
32 (base 9) to base 13
23
What is -79 (base 13) in base 6?
-244
2 (base 3) to base 13
2
Convert -3 (base 12) to base 7.
-3
-11 (base 11) to base 6
-20
b (base 14) to base 3
102
1332 (base 4) to base 13
99
What is 9 (base 13) in base 9?
10
Convert 4 (base 13) to base 15.
4
Convert 182 (base 12) to base 13.
158
-15 (base 7) to base 2
-1100
What is 45 (base 13) in base 15?
3c
1 (base 14) to base 9
1
What is 126 (base 8) in base 13?
68
Convert 0 (base 2) to base 6.
0
Convert 0 (base 16) to base 14.
0
Convert 0 (base 15) to base 2.
0
Convert 5 (base 13) to base 15.
5
0 (base 13) to base 3
0
Convert -6 (base 13) to base 15.
-6
-3 (base 11) to base 3
-10
Convert 0 (base 15) to base 7.
0
Convert e0 (base 16) to base 6.
1012
Convert -31 (base 4) to base 13.
-10
Convert 14 (base 9) to base 14.
d
-4 (base 7) to base 12
-4
What is 170 (base 9) in base 4?
2100
15 (base 9) to base 8
16
Convert -15 (base 7) to base 12.
-10
Convert -101201 (base 3) to base 9.
-351
Convert 57 (base 14) to base 15.
52
b0 (base 13) to base 8
217
0 (base 11) to base 2
0
What is 51 (base 16) in base 13?
63
-42 (base 8) to base 14
-26
244 (base 5) to base 15
4e
-11b (base 12) to base 10
-167
What is -4 (base 16) in base 10?
-4
What is 0 (base 3) in base 6?
0
3 (base 7) to base 4
3
Convert -6 (base 14) to base 8.
-6
Convert 401 (base 5) to base 4.
1211
What is 16 (base 13) in base 6?
31
37 (base 13) to base 2
101110
-1 (base 5) to base 9
-1
What is 23 (base 12) in base 15?
1c
Convert 38 (base 15) to base 10.
53
Convert 22 (base 6) to base 10.
14
-36 (base 7) to base 8
-33
What is 10011 (base 2) in base 15?
14
113 (base 9) to base 2
1011101
What is -527 (base 8) in base 3?
-110201
121 (base 4) to base 3
221
What is -3 (base 6) in base 5?
-3
Convert -4e (base 15) to base 2.
-1001010
What is 2 (base 15) in base 2?
10
What is 2 (base 10) in base 2?
10
What is -101 (base 2) in base 11?
-5
What is 7 (base 8) in base 10?
7
What is 15 (base 15) in base 4?
110
What is 4 (base 12) in base 10?
4
20121 (base 3) to base 14
ca
What is 197 (base 10) in base 8?
305
What is 11321 (base 4) in base 13?
230
Convert 5 (base 15) to base 6.
5
What is 3 (base 14) in base 2?
11
47 (base 8) to base 7
54
31 (base 12) to base 14
29
3 (base 13) to base 16
3
Convert -2f (base 16) to base 11.
-43
What is -18 (base 15) in base 9?
-25
What is 2 (base 16) in base 9?
2
-1 (base 10) to base 2
-1
59 (base 12) to base 7
126
What is 3 (base 13) in base 11?
3
What is -1122 (base 3) in base 8?
-54
Convert 221 (base 9) to base 12.
131
What is -27 (base 16) in base 5?
-124
5 (base 9) to base 7
5
-4 (base 10) to base 4
-10
What is 4 (base 7) in base 6?
4
7 (base 15) to base 8
7
Convert 3 (base 9) to base 3.
10
154 (base 11) to base 16
b4
Convert -5 (base 16) to base 9.
-5
Convert 24 (base 10) to base 12.
20
-51 (base 7) to base 16
-24
What is -4 (base 8) in base 4?
-10
-220 (base 3) to base 13
-1b
1 (base 12) to base 3
1
What is -112 (base 4) in base 10?
-22
What is 3 (base 15) in base 3?
10
-2 (base 11) to base 7
-2
Convert -331 (base 7) to base 10.
-169
What is 2 (base 16) in base 8?
2
123 (base 16) to base 6
1203
Convert 7 (base 12) to base 9.
7
What is -55 (base 13) in base 3?
-2121
What is 6 (base 10) in base 3?
20
What is 23 (base 7) in base 2?
10001
-1221 (base 3) to base 15
-37
2 (base 10) to base 9
2
100 (base 10) to base 15
6a
What is -5 (base 8) in base 16?
-5
Convert 36 (base 15) to base 13.
3c
2 (base 6) to base 10
2
What is 1b (base 14) in base 3?
221
-10 (base 4) to base 9
-4
Convert -344 (base 8) to base 3.
-22110
46 (base 8) to base 14
2a
2 (base 5) to base 8
2
Convert -18 (base 10) to base 14.
-14
2012 (base 4) to base 15
8e
Convert 1 (base 10) to base 4.
1
8 (base 10) to base 5
13
-7 (base 10) to base 9
-7
-4 (base 10) to base 11
-4
Convert 1 (base 16) to base 14.
1
What is -24 (base 14) in base 3?
-1012
100 (base 5) to base 3
221
What is -23 (base 7) in base 2?
-10001
1000101 (base 2) to base 5
234
What is 1 (base 8) in base 16?
1
1 (base 4) to base 11
1
52 (base 6) to base 8
40
What is 1100 (base 3) in base 14?
28
-112 (base 4) to base 7
-31
Convert -1002 (base 3) to base 12.
-25
What is 224 (base 7) in base 15?
7b
-321 (base 7) to base 13
-c6
What is 154 (base 8) in base 16?
6c
What is -a1 (base 12) in base 13?
-94
What is -28 (base 9) in base 12?
-22
What is -12 (base 4) in base 6?
-10
Convert 152 (base 8) to base 14.
78
Convert 1 (base 8) to base 10.
1
Convert 151 (base 10) to base 9.
177
425 (base 6) to base 9
188
Convert -3 (base 6) to base 13.
-3
-11 (base 5) to base 16
-6
Convert -35 (base 7) to base 4.
-122
-56 (base 16) to base 2
-1010110
Convert 1001100 (base 2) to base 4.
1030
11 (base 3) to base 2
100
1010001 (base 2) to base 7
144
113 (base 7) to base 9
65
Convert -5 (base 14) to base 6.
-5
What is -1001 (base 2) in base 4?
-21
Convert 3 (base 5) to base 2.
11
Convert 2010 (base 3) to base 13.
45
120 (base 6) to base 12
40
11 (base 12) to base 2
1101
What is -1 (base 6) in base 8?
-1
What is 212 (base 3) in base 15?
18
Convert 7 (base 11) to base 8.
7
What is 2 (base 6) in base 7?
2
Convert -6 (base 12) to base 3.
-20
Convert -26 (base 8) to base 7.
-31
-100 (base 2) to base 8
-4
Convert 1021 (base 4) to base 8.
111
Convert -1102 (base 3) to base 11.
-35
Convert -173 (base 11) to base 13.
-126
Convert 100 (base 2) to base 7.
4
Convert -18 (base 12) to base 2.
-10100
Convert -14 (base 5) to base 2.
-1001
What is -63 (base 14) in base 16?
-57
-1 (base 11) to base 12
-1
What is 11011 (base 2) in base 3?
1000
What is -b (base 14) in base 13?
-b
51 (base 7) to base 16
24
-56 (base 13) to base 3
-2122
-2 (base 11) to base 15
-2
0 (base 4) to base 13
0
-433 (base 5) to base 4
-1312
28 (base 9) to base 2
11010
What is 1022 (base 3) in base 6?
55
-3 (base 9) to base 8
-3
22 (base 8) to base 15
13
-6 (base 16) to base 3
-20
-1100 (base 6) to base 2
-11111100
Convert 4 (base 10) to base 6.
4
Convert -2 (base 12) to base 7.
-2
What is 0 (base 14) in base 13?
0
What is -7 (base 13) in base 14?
-7
What is 4 (base 11) in base 5?
4
What is -31 (base 7) in base 12?
-1a
What is 166 (base 10) in base 16?
a6
18 (base 9) to base 3
122
Convert -136 (base 11) to base 12.
-114
What is -12 (base 11) in base 12?
-11
144 (base 5) to base 10
49
Convert 3a (base 14) to base 10.
52
-11 (base 3) to base 15
-4
What is 0 (base 3) in base 4?
0
Convert 4c (base 15) to base 9.
80
1 (base 4) to base 8
1
13 (base 14) to base 16
11
What is 102 (base 4) in base 9?
20
What is -31 (base 10) in base 4?
-133
-100000 (base 2) to base 7
-44
37 (base 10) to base 13
2b
What is -11011000 (base 2) in base 11?
-187
-2 (base 9) to base 5
-2
-288 (base 9) to base 4
-3302
What is 1 (base 12) in base 3?
1
-2 (base 14) to base 10
-2
What is 22 (base 6) in base 12?
12
What is -1 (base 16) in base 5?
-1
What is -37 (base 16) in base 9?
-61
-12 (base 9) to base 16
-b
Convert -2 (base 11) to base 15.
-2
-1 (base 11) to base 6
-1
Convert 0 (base 3) to base 9.
0
What is 1010 (base 2) in base 14?
a
What is -10 (base 2) in base 10?
-2
-13 (base 9) to base 6
-20
0 (base 12) to base 8
0
What is 225 (base 10) in base 6?
1013
What is 11 (base 10) in base 7?
14
84 (base 13) to base 15
73
-18 (base 13) to base 6
-33
What is -4 (base 10) in base 12?
-4
What is 63 (base 12) in base 3?
2210
-4 (base 8) to base 10
-4
Convert 1101 (base 2) to base 5.
23
What is -1 (base 7) in base 6?
-1
What is -1c (base 15) in base 9?
-30
-51 (base 6) to base 8
-37
What is -102 (base 11) in base 7?
-234
3